ppose -4*q + t = 5*k, q - 3*k - 45 = -0*q. Is 6 a factor of q?
False
Suppose -s - o + 630 = 0, 2*s - 70 - 1220 = 4*o. Does 5 divide s?
True
Let c = -54 - -123. Let m = c + -29. Is m a multiple of 5?
True
Suppose -3*l + 5*f - 40 = 0, 2*l - 26 = 5*l + 2*f. Let u be 36/l + 12/(-30). Is 9 a factor of (-10)/(5/u + 1)?
False
Let z(l) = -41*l + 3. Suppose -3*i + 2 = -3*w - 13, i = 2. Is z(w) a multiple of 21?
True
Let k = 2862 - 1900. Suppose -3*l = 266 - k. Does 11 divide l?
False
Suppose 5*t - 3435 = 2*t. Does 77 divide t?
False
Let p be (-2)/(-1)*(0 + 3). Suppose -3*u + 20 = 2*d + p, 2*u + 3*d = 11. Suppose 3*c = -u*a + 175, -80 = -2*a - 4*c - 0*c. Is a a multiple of 15?
False
Let u(k) = 27*k**2 + 2*k + 10. Does 15 divide u(5)?
False
Let p = 8 - 11. Let x be (-68)/(3*p/9). Let l = x + -38. Does 10 divide l?
True
Let y = -21 - -39. Suppose y = 2*t + t. Is 8 a factor of (32/t)/(2/3)?
True
Let q(t) = t**2 + 25*t - 222. Does 10 divide q(-43)?
False
Let p(l) = -l**2 + 7*l + 1. Let o be p(7). Let h be (15/12)/(o/(-8)). Does 10 divide (45/h)/((-3)/20)?
True
Suppose 2*n - 29 = n. Does 15 divide (n - 13) + -1*1?
True
Suppose -j - 4*o + 126 = 0, -j + 23*o + 90 = 18*o. Does 22 divide j?
True
Suppose 7*s + 31 - 94 = 0. Suppose s*x = 17*x - 600. Does 12 divide x?
False
Is 4816/12 - (30/9)/(-5) a multiple of 22?
False
Let l = 22 + -22. Suppose -4*t + 5*t - 2 = l. Suppose -t*i = -4*x - x - 97, -3*x - 46 = -i. Is 14 a factor of i?
False
Let a(k) = k**3 - 10*k**2 + 20*k - 39. Is 41 a factor of a(10)?
False
Let u(h) = -h + 10. Let s be u(5). Suppose -j = i - 190, i = s*j - 4*j - 196. Is j a multiple of 34?
False
Let q(x) = x**2 - 7*x - 60. Is 3 a factor of q(15)?
True
Let r(l) = 44*l**2 + 5*l - 4. Let s be r(3). Suppose -4*a = -s - 25. Is a a multiple of 36?
True
Suppose 6*k - 105 = k. Suppose l + k = -2*l. Is 7 a factor of (-198)/l + (-14)/49?
True
Let b = 1478 + -838. Does 8 divide b?
True
Let n(f) = 2*f**3 + 14*f**2 - 4*f + 18. Let s be n(-8). Let v = s - -118. Is 20 a factor of v?
True
Suppose k = 3*l - 9*l + 31075, -l + k = -5185. Is l a multiple of 37?
True
Suppose 5*d - 8 = -3*i - 0*i, 4*d - 4*i = 0. Does 11 divide 113 + -12 - (3 - d)?
True
Let f(h) = -h**2 + 9*h - 9. Let w be f(7). Suppose 2*m + l = -w, -2*m + 3*l = l - 4. Is m/(-3) - 33/(-9) even?
True
Let b(n) = 3*n**2 - 7*n + 4. Let h be b(3). Is ((-4)/16*h)/((-1)/10) a multiple of 25?
True
Let y(v) = -v**3 - 12*v**2 + 12*v - 8. Let z be y(-13). Suppose -3*o = 3*g - 300, -o + 81 = z*g - 403. Is g a multiple of 32?
True
Suppose 6*y + 1118 = 4994. Is y a multiple of 19?
True
Let r(d) = 2*d**2 + 11*d. Let p be r(-6). Suppose -o - 525 = -p*o. Is o a multiple of 24?
False
Let z = -1191 + 1995. Is z a multiple of 15?
False
Suppose 3*t + 11 - 2 = 0, a = -5*t + 128. Does 12 divide a?
False
Suppose -15*f + 14*f = -z + 986, -4*f - 4928 = -5*z. Is z a multiple of 10?
False
Let q(h) be the first derivative of 7*h**3/3 + 3*h**2 + 6*h + 2. Is q(-3) a multiple of 8?
False
Let f(r) = r**2 - 4*r - 14. Let a = -16 - -13. Let q = 13 + a. Is 23 a factor of f(q)?
True
Let t be (20/25)/(3/465). Let r = t - 94. Does 3 divide r?
True
Let v(w) be the first derivative of w**2/2 + 6*w + 13. Let y be v(-3). Is ((18/y)/2)/1 a multiple of 3?
True
Let d = 1 - 1. Suppose d = -4*a + 24 + 124. Is a a multiple of 17?
False
Let q = 4 - 7. Let o(a) = 31*a**2 + 3*a + 2. Let d be o(-1). Is d + 2 - q/(-1) a multiple of 7?
False
Let m(s) = -11*s - 34. Let n(d) = 5*d + 8. Let u be n(-3). Is 8 a factor of m(u)?
False
Let n(c) = -3*c**3 - c**2 - 5*c + 34. Is 4 a factor of n(-6)?
True
Let a(g) = g**2 + 2*g - 5. Suppose -l = -19 + 7. Suppose 5*j + q - 21 = 3*q, 4*q = -l. Does 6 divide a(j)?
False
Suppose 310 = 5*g - a, -2*g = -g - 2*a - 53. Is g a multiple of 18?
False
Let v be (-1)/(-5) - 360/(-75). Suppose 5*g = -2*h + v*h + 560, -3*g + 336 = -2*h. Is 14 a factor of g?
True
Let n = -504 - -834. Is n a multiple of 33?
True
Let f = 834 - 334. Does 10 divide f?
True
Let z(w) = w**3 + 10*w**2 + 22. Let d be z(-11). Is -4 - -5 - -1 - d a multiple of 16?
False
Let m be (-44)/(-5) + 4/20 - 1. Is m/(-12) + (1536/9 - 0) a multiple of 34?
True
Let j(p) = 12*p. Let f be (-3)/((3 + -2)*-1). Is j(f) a multiple of 4?
True
Let h be 4/14 - 12/42. Does 16 divide (h - (-3 - -3)) + 48?
True
Suppose -4*y - 375 = 145. Let q be (1*12)/2*(76 - 40). Let r = y + q. Is r a multiple of 18?
False
Let d(k) = -7*k**3 - 9*k**2 - 8*k + 2. Let n(i) = 8*i**3 + 10*i**2 + 9*i - 2. Let a(j) = 7*d(j) + 6*n(j). Let z be a(-3). Is 333/12 - 6/z a multiple of 27?
True
Let l be 14/3*(-36)/(-24). Suppose -4*a - 4*j = -96, -2*a - 2*j + 34 = -l*j. Is a a multiple of 3?
False
Suppose q - 3*n = 6 + 6, -12 = -5*q - n. Suppose -36 = 5*o - q*o. Is 20 a factor of 1/(-3) - 1086/o?
True
Let y be (-3)/((-1 - 0) + 4)*-6. Is 128*2*y/8 a multiple of 16?
True
Let r(z) = 9 + 24*z + 3*z**2 - 40*z - 10 + 9. Is 9 a factor of r(8)?
True
Let y be 10 + -10 + 1*4. Let d = y + -4. Suppose -12 = -4*a - d. Is 2 a factor of a?
False
Suppose 0 = -25*h + 20*h - 70. Is (1 + h/(-8))/(1/4) a multiple of 11?
True
Is 34 a factor of ((-75)/6)/(-2*(-4)/(-544))?
True
Let w(n) = -n**3 + 9*n**2 + 5. Let l be w(9). Suppose 5*f - 4*m = 285, -5*f - l*m + 221 + 109 = 0. Let c = 92 - f. Is c a multiple of 31?
True
Let j(v) = v**2 + v + 60. Does 3 divide j(-14)?
False
Let f(p) = -29*p + 205. Is f(-25) a multiple of 31?
True
Let r = 4 + -2. Let q = -78 + 140. Suppose -r*h + 0 = -q. Is h a multiple of 24?
False
Let h = 58 - -85. Is 11 a factor of h?
True
Does 16 divide -5 - (-12718)/8 - 12/16?
True
Let f(i) = i**2 - 4*i - 10. Let o be f(-8). Suppose 211 = 5*s + o. Is s a multiple of 5?
True
Suppose -4*q + 3203 = 3*t - 412, 4*t + 3608 = 4*q. Does 43 divide q?
True
Suppose 2*c + 2 = o, 0 = 5*o - 3*c + 2*c - 28. Let k = 64 - o. Let m = -14 + k. Is 12 a factor of m?
False
Suppose -g + 5*g - 92 = 0. Let u be -1 + 14 - (11 + -13). Suppose -u*k - g = -16*k. Is k a multiple of 23?
True
Suppose -25*s + 364 = -23*s. Is 3 a factor of s?
False
Suppose 712 = 2*l + 2*y - 4*y, -2*l + 3*y = -708. Does 6 divide l?
True
Let v(y) = 3*y**2 + 8*y + 5. Let a(c) = 6*c**2 + 15*c + 11. Let k(p) = 3*a(p) - 5*v(p). Is k(-8) a multiple of 20?
True
Suppose 5*l + 80 = 2*r + 3*r, 0 = 5*r + 2*l - 115. Suppose 3*f - r - 12 = 0. Is 6 a factor of f?
False
Let l = -5 - -26. Suppose 17*u - l*u + 416 = 0. Is 26 a factor of u?
True
Let r be (-12)/(-42) - 19/(-7). Let a = r - 1. Suppose 25 = 5*v, v + 100 = a*k - 11. Does 29 divide k?
True
Suppose -5*h + 255 = z, 4*h - 2*z - 255 = -h. Let i = h - -27. Is i a multiple of 32?
False
Is 48/(-6) - 4 - -327 a multiple of 92?
False
Is 10*(-436)/(-8)*1 a multiple of 21?
False
Suppose -533*a + 524*a = -6156. Does 20 divide a?
False
Let a be 72*(-4 - -5) + 1. Is (1/1 - a)*(-105)/28 a multiple of 27?
True
Is 30 a factor of (2560/(-120))/((-4)/360*4)?
True
Suppose 0 = m - 2*h - 1290, -9*h = -m - 13*h + 1296. Is 38 a factor of m?
True
Let d(g) be the third derivative of g**5/20 - g**4/3 - 7*g**3/6 - g**2. Let o = -62 - -69. Is d(o) a multiple of 28?
True
Let z = 555 - 445. Is 10 a factor of z?
True
Let j(x) = x**3 + 24*x**2 - 36*x - 20. Is 51 a factor of j(-25)?
True
Let m(k) = 2*k - 2. Let q(j) = 10*j**2 + 2*j - 1. Let t(u) = -u + 5. Let i be t(4). Let l be q(i). Is 20 a factor of m(l)?
True
Suppose 10*j = 6*j + 5*g + 3610, -g = -2. Is 5 a factor of j?
True
Let f = 979 + -650. Is 51 a factor of f?
False
Suppose 1111*q - 1126*q = -9540. Does 6 divide q?
True
Let l(b) = 4*b**2 + b - 13. Let k(w) = -10*w**2 - 2*w + 32. Let t(z) = -5*k(z) - 12*l(z). Is 10 a factor of t(-8)?
True
Let a(j) = -j**3 + 9*j**2 - 6*j + 3. Let w be a(6). Let t = -2 + w. Is 7 a factor of t?
False
Let f be -36*(2/6 - 1). Let q = 69 - f. Is 5 a factor of q?
True
Suppose 0 = -53*f + 46*f + 1547. Is f a multiple of 66?
False
Let t(z) = -z**2 - 4*z - 1. Let v be t(3). Is v/(-8) - 3 - (-269)/4 a multiple of 27?
False
Let z = 9 - 15. Let j = -3 - z. Suppose -2*d + 122 = j*o, -3*d + 2*d = -2*o - 68. Is 16 a factor of d?
True
Suppose -4*m - 22 = 2*n - 2, 2*n = -2*m - 10. Suppose n = 4*z + 9 - 57. Is 3 a factor of z?
True
Let w = 1847 - 1199. Is w a multiple of 27?
True
Suppose -4*r + 2*z = -2*z + 36, -4*r - 38 = -5*z. Let w = 106 + r. Is 11 a factor of w?
True
Let g be (1